-3*z + 101. What is h(28)?
17
Let u(s) = -56*s**2 - 8*s + 8. Give u(2).
-232
Let r(n) = 2*n**2 - 35*n + 32. Give r(15).
-43
Let q(h) = -h**3 - 13*h**2 + 13*h - 18. Determine q(-14).
-4
Let o(f) = -f**3 - 5*f**2 + 21*f + 88. Calculate o(-6).
-2
Let j(t) = -3*t - 18. Determine j(6).
-36
Let p(x) = -x**3 - 9*x**2 - 7*x + 9. Determine p(-7).
-40
Let c(z) = z**2 + 8*z - 66. Give c(-13).
-1
Let y(d) = d**2 - 15*d + 24. Determine y(13).
-2
Let l(x) = 5*x**2 - 2*x - 20. What is l(-3)?
31
Let i(u) = -u - 17. Calculate i(-21).
4
Let v(o) = 5*o**2 + o + 3. Calculate v(-3).
45
Let i(g) = 9*g + 158. Calculate i(-19).
-13
Let b(x) = -2*x**2 + 8*x - 27. What is b(6)?
-51
Let q(v) = -2*v**3 - 4*v**2 + 8*v. Determine q(-4).
32
Let o(y) = 22*y**2 + y - 1. Give o(1).
22
Let o(p) = -2*p**2 + p + 1. Give o(-4).
-35
Let u(p) = -p**3 + 2*p**2 - 3*p + 1. Calculate u(-3).
55
Let n(z) = z**3 + 10*z**2 + 1. What is n(-10)?
1
Let h(o) = o**2 + o + 4. What is h(-6)?
34
Let t(k) = -k**2 + 4*k - 5. Give t(6).
-17
Let u(i) = -i**3 + 9*i**2 + 15*i + 16. Give u(11).
-61
Let u(h) = -3*h**2 + 15*h - 1. Give u(5).
-1
Let j(d) = -3*d**2 - 33*d + 29. Determine j(-12).
-7
Let n(t) = -7*t + 34. Calculate n(5).
-1
Let v(x) = x**3 + 17*x**2 + 4*x + 41. Calculate v(-17).
-27
Let t(a) = -26*a - 1. Determine t(-1).
25
Let i(j) = -46*j - 26. What is i(-3)?
112
Let w(y) = 6*y + 1. What is w(2)?
13
Let m(o) = 5*o - 28. What is m(2)?
-18
Let d(r) = r**3 - 11*r**2 + 9*r + 4. Calculate d(10).
-6
Let n(s) = s - 3. What is n(2)?
-1
Let h(w) = -w**2 - w - 10. Calculate h(0).
-10
Let t(k) = 3*k**2 + 3*k - 16. Calculate t(-5).
44
Let u(h) = -15*h - 142. Calculate u(-9).
-7
Let n(f) = -3*f - 4. What is n(-6)?
14
Let q(x) = -x**3 + 6*x**2 + 5*x + 19. Calculate q(6).
49
Let l(d) = 6*d - 15. Determine l(10).
45
Let u(k) = 16*k**2 + 6*k - 5. Give u(1).
17
Let v(u) = u**3 + 7*u**2 - 6*u + 15. What is v(-8)?
-1
Let h(k) = -k**3 + 2*k**2 + 4*k - 1. Give h(3).
2
Let a(o) = -o**3 + 2*o**2 + 3*o + 1. Give a(-1).
1
Let d(t) = 3*t + 31. What is d(-10)?
1
Let h(p) = 16*p - 142. What is h(9)?
2
Let g(k) = -23*k + 200. Give g(9).
-7
Let c(l) = l**3 + 10*l**2 + 10*l + 8. Calculate c(-9).
-1
Let j(z) = -105*z**2. Calculate j(1).
-105
Let u(i) = i**3 - 10*i**2 + 5*i + 28. Give u(9).
-8
Let w(t) = 8*t - 194. Calculate w(24).
-2
Let q(s) = -s**2 + 14*s - 27. Calculate q(9).
18
Let l(d) = -d**3 - 2*d**2 + d + 6. Determine l(-5).
76
Let n(q) = 2*q + 36. Determine n(-20).
-4
Let d(g) = -2*g**3 + 12*g**2 + 12*g + 9. Determine d(7).
-5
Let x(s) = -3*s**2 - 3*s + 15. Determine x(-6).
-75
Let p(z) = -z - 11. What is p(-4)?
-7
Let z(o) = o**2 + 8*o - 2. Determine z(3).
31
Let x(t) = -t**3 + t**2 - 2*t - 1. Calculate x(3).
-25
Let g(p) = p**2 - 11*p - 23. Calculate g(-3).
19
Let i(y) = 2*y**2 - 45*y + 29. Calculate i(22).
7
Let x(l) = l**3 - 28*l**2 + 56*l - 63. Calculate x(26).
41
Let s(m) = -m**3 - 3*m**2 + 2*m + 1. Give s(-3).
-5
Let j(g) = g**3 + 10*g**2 - 12*g + 11. Give j(-11).
22
Let j(k) = 11*k + 54. Give j(-7).
-23
Let v(z) = -z**3 - 14*z**2 + 3*z + 31. Calculate v(-14).
-11
Let a(b) = -84*b + 332. Give a(4).
-4
Let s(u) = u**2 + 8*u + 13. Calculate s(-9).
22
Let y(x) = -3*x - 4. What is y(-14)?
38
Let f(y) = -7*y**2 + 2*y + 3. Calculate f(3).
-54
Let j(q) = -q**3 + q**2 + 3*q + 4. Determine j(3).
-5
Let k(j) = j**3 - 6*j**2 + 4*j - 3. Give k(6).
21
Let r(y) = -3*y + 28. What is r(10)?
-2
Let y(i) = i**3 + 15*i**2 + 40*i + 39. Determine y(-12).
-9
Let w(y) = 22*y + 9. Give w(-4).
-79
Let b(m) = -m**3 + m**2 - 7*m - 2. What is b(0)?
-2
Let o(g) = -g**3 - 26*g**2 + 33*g + 174. Calculate o(-27).
12
Let b(f) = -4*f - 49. Give b(-11).
-5
Let r(o) = o + 19. Calculate r(9).
28
Let s(k) = 2*k - 20. What is s(7)?
-6
Let o(v) = v**2 + 7*v + 2. Give o(-4).
-10
Let w(n) = 3*n**2 + 2*n - 9. What is w(2)?
7
Let q(c) = -3*c + 5. Determine q(-5).
20
Let h(i) = 2*i**2 - i + 1. What is h(1)?
2
Let f(x) = -33*x + 68. Determine f(8).
-196
Let m(r) = -2*r**2 + 15*r - 27. What is m(8)?
-35
Let y(k) = -k**3 + 2*k**2 + 5*k - 1. Give y(4).
-13
Let k(q) = -q**2 + 4*q - 10. What is k(0)?
-10
Let b(t) = -t**3 + 4*t**2 + 7*t + 2. Give b(5).
12
Let q(h) = 2*h**3 - 3*h**2 + 4*h - 3. Calculate q(2).
9
Let u(p) = -2*p**3 - 35*p**2 + 22*p + 60. What is u(-18)?
-12
Let g(h) = -11*h + 55. Determine g(9).
-44
Let q(a) = 2*a - 20. Determine q(5).
-10
Let f(l) = -l**2 + l - 3. What is f(-5)?
-33
Let i(h) = 6*h - 95. Give i(12).
-23
Let x(k) = -k**3 + 4*k + 149. Give x(0).
149
Let f(k) = -k**3 - 3*k**2 - 2*k + 3. Determine f(-4).
27
Let q(n) = 2*n**2 - 4*n - 98. Determine q(-6).
-2
Let k(z) = -24*z**3 - z**2 + 1. Give k(1).
-24
Let b(o) = o**3 + 7*o**2 + 5*o - 2. Determine b(-6).
4
Let d(g) = -3*g**3 - 4*g**2 + g + 6. Determine d(-3).
48
Let k(p) = 3*p**2 - 37*p + 16. What is k(12)?
4
Let f(d) = -2*d**3 + 3*d**2 - 2. Determine f(3).
-29
Let m(u) = 12*u**3 + 2*u**2 - 1. Determine m(1).
13
Let j(o) = -o**3 - 17*o**2 - 5*o - 12. Give j(-17).
73
Let w(z) = -z**3 + 14*z**2 + 14*z + 19. What is w(15)?
4
Let s(x) = -x**2 + 10*x + 17. Determine s(12).
-7
Let u(t) = t**2 - 2*t - 14. Determine u(-4).
10
Let j(o) = -2*o**3 + 19*o**2 - 7*o - 10. Calculate j(9).
8
Let i(p) = p**3 - 8*p**2 - 8*p + 11. Determine i(9).
20
Let p(r) = -3*r + 254. Calculate p(85).
-1
Let t(k) = 9*k + 229. Give t(-23).
22
Let v(l) = -l**3 - 7*l**2 - 4*l + 8. Calculate v(-7).
36
Let d(c) = c**2 - 8*c + 8. Determine d(9).
17
Let h(s) = 32*s**2 - 2*s + 2. Give h(1).
32
Let m(w) = 52*w - 308. Determine m(6).
4
Let f(b) = 10*b**2 + 12*b - 1. Give f(1).
21
Let v(w) = w + 8. Give v(4).
12
Let l(g) = g**2 + g - 5. Determine l(0).
-5
Let d(n) = n**3 - 20*n**2 + 71*n + 49. Calculate d(15).
-11
Let b(o) = -o**3 - 8*o**2 + 18. Calculate b(-8).
18
Let d(w) = -w**3 - 16*w**2 + w + 16. What is d(-16)?
0
Let v(f) = -9*f - 7. What is v(2)?
-25
Let h(q) = 4*q + 65. Determine h(-15).
5
Let s(v) = 21*v**3 - 3*v**2 + 6*v - 2. Calculate s(1).
22
Let p(k) = k**3 + 2*k**2 - 6*k + 1. Give p(-3).
10
Let f(p) = -9*p + 56. Calculate f(9).
-25
Let c(a) = -a**2 - 16*a + 7. Give c(-7).
70
Let i(l) = l**2 - 8*l + 8. Give i(7).
1
Let u(h) = -6*h + 14. What is u(3)?
-4
Let x(v) = -v**2 + v - 11. What is x(-12)?
-167
Let u(t) = 4*t - 41. Calculate u(15).
19
Let c(m) = 2*m + 78. Give c(-27).
24
Let i(s) = -2*s**3 - 37*s**2 - 18*s + 40. What is i(-18)?
40
Let l(w) = w**3 - 12*w**2 + 18*w - 1. Give l(11).
76
Let l(o) = -o - 14. Determine l(-15).
1
Let l(w) = -2*w + 3. Determine l(-7).
17
Let a(z) = z**2 - 4*z - 41. What is a(-5)?
4
Let x(j) = -j**3 + 33*j**2 - 35*j + 97. What is x(32)?
1
Let x(t) = t**3 + 21*t**2 - 17*t + 12. Calculate x(-22).
-98
Let j(i) = 2*i**3 + 29*i**2 - 19*i - 29. Calculate j(-15).
31
Let o(y) = y**3 + 9*y**2 + 17*y - 10. What is o(-5)?
5
Let p(a) = -3*a + 17. Give p(9).
-10
Let r(q) = 15*q + 222. What is r(-15)?
-3
Let n(g) = -10*g**2 - 88*g + 11. What is n(-9)?
-7
Let n(t) = -t**3 - 12*t**2 - 11*t + 5. What is n(-11)?
5
Let d(q) = -2*q**3 - 2*q**2 + 3*q + 4. Calculate d(-2).
6
Let o(n) = n**3 - 11*n**2 + 22*n + 3. Give o(8).
-13
Let k(p) = -3*p + 42. Determine k(16).
-6
Let x(v) = -v**3 + 7*v**2 - 4*v - 3. Calculate x(5).
27
Let t(g) = -4*g**2 + g. Determine t(-1).
-5
Let y(q) = 5*q - 80. Calculate y(7).
-45
Let v(l) = -29*l + 153. Give v(7).
-50
Let n(k) = -7*k**2 - 8*k + 13. Give n(3).
-74
Let f(v) = -v**3 + 2*v**2 + 9*v - 13. Give f(4).
-9
Let x(v) = 13*v + 26. Determine x(-6).
-52
Let g(u) = 4*u + 12. What is g(-6)?
-12
Let y(m) = m - 19. Give y(8).
-11
Let x(z) = z**2 - 134*z - 2231. Calculate x(-15).
4
Let k(x) = x**3 - 2*x**2 - 2*x + 3. Calculate k(3).
6
Let u(j) = -8*j. Determine u(4).
-32
Let r(u) = -6*u. Calculate r(5).
-30
Let q(u) = -3*u**3 + 17*u**2 - 15*u + 17. What is q(5)?
-8
Let c(o) = -4*o**2 + 49*o + 29. What is c(13)?
-10
Let p(h) = h - 48. Give p(27).
-21
Let j(w) = -17*w**3 - 9*w + 8. Determine j(1).
-18
Let t(n) = -n**3 + 15*n**2 - 61*n + 65. What is t(9)?
2
Let g(j) = j**2 - 9*j + 10. What is g(10)?
20
Let j(f) = -13*f - 24. Determine j(-11).
119
Let k(w) = 2*w**2 - w - 17. What is k(-4)?
19
Let z(l) = -2*l**3 - 5*l**2 + 4*l + 8. Give z(-3).
5
Let m(o) = -o. Give m(6).
-6
Let n(p) = -p**3 - 12*p**2 - 14*p - 13. Determine n(-11).
20
Let n(m) = -m**2 + 15*m - 19. Determine n(14).
